960 is divided by x.
20
Let u = 326 + -321. Calculate the remainder when (-3)/6*(-820)/u is divided by 46.
36
Let l(y) = -4*y + 20. Let o = -3 - -3. Let d be l(o). Suppose 8*i + d - 84 = 0. Calculate the remainder when 29 is divided by i.
5
Suppose m - 2579 = -r, 2*r + 35*m - 5160 = 32*m. What is the remainder when r is divided by 15?
12
Let v(i) = 12*i + 74. Let d be v(-6). Suppose -d*w = -u + 8, -w - w - 64 = -5*u. What is the remainder when 24 is divided by u?
10
Suppose 18 = -2*u, -7*u + 5*u + 72 = 5*j. Suppose 3*l - 4*l = -161. What is the remainder when l is divided by j?
17
Let o be (1 + 1)/(3 - 65/25). Let j be 3/o + (-16)/(-40). Calculate the remainder when 8 is divided by (-4 + (-27)/(-6))*(9 + j).
3
Let a be -4*((-2)/6)/(6/(-117)). Let o = a + 35. Let u(w) = -w**3 + 11*w**2 - 16*w. Calculate the remainder when 27 is divided by u(o).
9
Suppose -p + 15 = 3*b, 4*p = -p - 2*b + 10. Suppose 46*u - 55*u + 63 = p. Calculate the remainder when 24 is divided by u.
3
Suppose -5199 = -147*i + 6120. Calculate the remainder when 229 is divided by i.
75
Let n = -520 + 528. Suppose -4*z + 8*z = 4*u + 72, -3*u + 2 = z. What is the remainder when z is divided by 48/9 + n/(-6)?
2
Let v(u) = 2*u**2 - 22*u + 167. Calculate the remainder when v(8) is divided by 159/5 - (-5)/25.
23
Let w = -24 - -47. Suppose 4*d = g + 223, -g - 88 - 141 = -d. Let y = 389 + g. Calculate the remainder when y is divided by w.
20
Let i(x) = -x**3 + 49*x**2 - 115*x + 1013. What is the remainder when 10319 is divided by i(47)?
23
Let o(w) = 11*w - 60. Let y = 77 - -43. What is the remainder when y is divided by o(8)?
8
Let g = 35677 + -35372. Calculate the remainder when g is divided by 81/(-6)*8/(-6).
17
Let s be 945/42*(-4)/(-10). Calculate the remainder when -5 - -1 - 33*(-6)/s is divided by 9.
0
Let c(z) = 2*z**3 + z - 3 - 8*z**2 + 5*z**2 - 3*z**2. Calculate the remainder when 128 is divided by c(4).
29
Suppose 19*w - 103 = -27. Suppose 4*u - 67 = -3*n, 0 = -w*n + 2*u + 70 - 10. Calculate the remainder when 35 is divided by n.
1
Suppose p + 4*l - 2646 = 0, 2*p = -21*l + 18*l + 5287. What is the remainder when p is divided by 14?
10
Suppose 0 = -3*s + 1461*m - 1466*m + 169, -2*m = 8. What is the remainder when 258 is divided by s?
6
Suppose 119*t = 123*t - 1060. What is the remainder when t is divided by 47?
30
Let q = -4581 + 4603. What is the remainder when 215 is divided by q?
17
Suppose 22*n - 4952 = -530. Let d = n - 171. What is the remainder when 135 is divided by d?
15
Let y(q) = -34*q + 231. What is the remainder when y(4) is divided by 40?
15
Suppose 69*z + z - 88900 = 0. Calculate the remainder when z is divided by 106.
104
Let a = -304 - -648. Let l = 386 - a. What is the remainder when 63 is divided by l?
21
Let j = 131 - 137. What is the remainder when 15 is divided by (-222)/(-21) - j/14?
4
Suppose 33*c = 69*c - 14*c - 6270. What is the remainder when c is divided by 24?
21
Suppose -5*m + 2*z = -169, z - 70 = -3*m + 27. Suppose -32 = -8*n + 3*n + 2*d, -5*n + 3*d + m = 0. Calculate the remainder when 8 is divided by n.
2
Let n = 177 - -373. Calculate the remainder when n is divided by ((-12)/63*-7)/(4/138).
44
Suppose -66 = -4*q - 2*q. Let l(r) = q + 7 - 14 + 5*r. Calculate the remainder when l(7) is divided by 21.
18
Suppose -11*f = t - 7*f - 95, 2*t - 5*f = 151. Suppose 86*y = t*y + 267. What is the remainder when y is divided by 82?
7
Suppose 95 = -2*l - 2*j + 149, -4*l + 4*j + 68 = 0. Calculate the remainder when 3516 is divided by l.
18
Let g(h) = -h**2 - 112*h + 736. Calculate the remainder when (40/6 - 3)*18 is divided by g(-118).
10
Let t be (-6)/4 - (-1)/(-2). Suppose 15*l = 3 + 267. Calculate the remainder when 25 is divided by ((-2)/t)/(2/l).
7
Let v(n) = -2*n + 17. Let b be v(22). Let d = b + 45. Suppose -2*z + z + c = -65, 2*z - 5*c = 124. Calculate the remainder when z is divided by d.
13
Let a = -2794 + 2893. What is the remainder when a is divided by 17?
14
What is the remainder when 530 is divided by (24 + -1 - 2)*-24*(-4)/36?
26
Suppose 11 = 6*y - 13. Let j(n) = -3*n**3 - 5*n**2 - 3*n - 2. Let h be 26/(-8) + 3/12. What is the remainder when j(h) is divided by y?
3
Suppose 0 = 5*l - 5, -3*b - l + 6*l - 131 = 0. Let c = -50 - b. Calculate the remainder when 50 is divided by 104/(-6)*12/c.
24
Let n = -12468 - -12850. What is the remainder when 3818 is divided by n?
380
Suppose 0 = z - 10*u + 12*u + 1, 0 = -z - 5*u - 19. Calculate the remainder when 67 is divided by z.
1
Let j = -19079 - -20455. What is the remainder when j is divided by 9?
8
Suppose -301*r - 35670 = -383*r. Calculate the remainder when r is divided by 84.
15
Suppose 5*f + 5*d = 0, -28 = -4*f - 2*d - 20. Calculate the remainder when 6 is divided by 2 - (-9)/3 - -4 - f.
1
Let x = 662 - 633. Let t(s) = s**2 - 8*s - 197. What is the remainder when t(x) is divided by 104?
100
Calculate the remainder when (-5)/(25/(-1810)) - -4*(-30)/(-40) is divided by 25.
15
Let q = -29 + 44. Suppose 44 = -4*s - 4*o, o = -s + 2*s + q. Calculate the remainder when s/(-2)*90/15 is divided by 21.
18
Let m(c) = 9*c**2 - 46*c - 169. Calculate the remainder when m(13) is divided by 20.
14
Suppose 2*b - 16 - 40 = 4*j, 31 = 2*b + j. Suppose -k = 2*f - 59, 214 = 3*k + 235. What is the remainder when f is divided by b?
15
Suppose -3060 = 1921*h - 1936*h. What is the remainder when h is divided by 101?
2
Suppose m + 4*n = 40415, 25 = 2*n + 23. Calculate the remainder when m is divided by 22.
19
Calculate the remainder when ((-17664)/(-345))/(42/30 - (1 - 0)) is divided by 12.
8
Let f(x) = 8*x**2 + 74*x + 296. Calculate the remainder when f(20) is divided by 63.
62
Calculate the remainder when (-6)/12*2*-97 is divided by ((-11)/5)/((-53)/265).
9
Let k(p) = 6*p - 28. Let o be k(6). Suppose 0*v + v + i + o = 0, i = -4. Calculate the remainder when 43 + (3 - (-3 - v)) is divided by 16.
13
Suppose 22*q = 505 + 111. Let g = 250 - 233. What is the remainder when q is divided by g?
11
Let h(i) be the first derivative of -19 + 1/3*i**3 + 3/2*i**2 - 6*i. Calculate the remainder when 93 is divided by h(3).
9
Suppose 634 = 3*a - a. Suppose 4*r - 183 - a = 4*k, r = 2*k + 130. Suppose 37 = 3*m - 4*l - 35, 5*m - r = -5*l. Calculate the remainder when 94 is divided by m.
22
Let r(p) = 62*p**2 + 9*p - 2. Suppose -2*j + 16 = 3*x, 2*x + 6 = 3*j + 8. What is the remainder when r(j) is divided by 53?
52
Let z = -1 + 8. Calculate the remainder when z is divided by (-1 + -6)*(-78 + -17)/95.
0
Let m = 1433 - 957. Suppose 0 = 20*q - 3*q - m. Calculate the remainder when 165 is divided by q.
25
What is the remainder when (340/(-14))/((-595)/4998) is divided by 106?
98
Let a(j) = 8*j - 58. Let o be a(8). Suppose -5*f + 109 = -o. Calculate the remainder when (-392)/(-6) - (-6)/(-18) is divided by f.
19
Suppose 0 = 2*b + 4*w - 727 + 185, -7*w - 1069 = -4*b. What is the remainder when b is divided by 87?
8
Calculate the remainder when 477 is divided by 143 - -12*(-3 + 2).
84
Let r be (6/(-4) + 0 + 2)*114. Suppose 4*x = -8*h + 3*h + 87, r = 4*h - x. What is the remainder when 54 is divided by h?
9
Suppose 0 = -7*p + 5*p + 28 + 180. Calculate the remainder when 216 is divided by p.
8
Suppose 0 = 5*c + 5*x - 230, 0 = 2*c - 3*c - 2*x + 48. Calculate the remainder when (c/154)/((-2)/(-2086)) is divided by 101.
96
Let k = 179 + 40. Suppose -4*u - 10 = -24*c + 54, 4*u + 3*c - 179 = 0. What is the remainder when k is divided by u?
29
Suppose -16 = -3*b + 35. Suppose -15*x - 2*x = -6341. Let l = x - 308. What is the remainder when l is divided by b?
14
Let m(i) be the first derivative of i**3/3 + 6*i**2 - 10*i + 2. Let l be m(-13). Suppose -l*d + 206 - 23 = 0. What is the remainder when d is divided by 32?
29
Suppose 124*c - 1207 = 121*c + 4*a, 3*a - 411 = -c. Calculate the remainder when c is divided by 38.
25
Let p be (261/(-58))/((-2)/1632). Suppose 17*u - 5*u - p = 0. What is the remainder when u is divided by 14?
12
Let f be (-1 + -2 + 3)*2/(-4). Suppose f*n = -2*n. Calculate the remainder when 38 is divided by 22 - n*3/12*4.
16
Suppose 3*g = 3*v - 7*v + 162, -g + 4*v = -38. Calculate the remainder when 62 is divided by g.
12
Suppose -426*m = -425*m - 4*i + 24, 0 = 3*i - 21. Let h = -254 + 1130. Suppose -m*q = -100 - h. Calculate the rema